{"id":919,"date":"2022-12-13T11:55:06","date_gmt":"2022-12-13T10:55:06","guid":{"rendered":"https:\/\/du-bois-aux-elfes.onie.be\/chiens\/?page_id=919"},"modified":"2023-01-24T10:10:42","modified_gmt":"2023-01-24T09:10:42","slug":"disclaimer","status":"publish","type":"page","link":"https:\/\/duboisauxelfes.be\/chiens\/disclaimer\/","title":{"rendered":"Disclaimer"},"content":{"rendered":"<section style=\"--block-mt: 12rem; margin-top: var(--block-mt);\" class='relative z-20'>\n    <div style=\"\" class=\" wrap _with-paddings\">\n        <div class=\"text-content\" oat=\"fade-top\"><p class=\"heading-2 font-secondary\" style=\"text-align: center;\">Disclaimer<\/p><\/div>\n    <\/div>\n    <\/section>\n\n\n\n<section style=\"--block-pt: 8rem; padding-top: var(--block-pt);--block-pb: 8rem; padding-bottom: var(--block-pb);\" class='relative z-20'>\n    <div style=\"\" class=\" wrap _with-paddings\">\n        <div class=\"text-content\" oat=\"fade-top\"><p><span style=\"color: #3a5d21;\"><b class=\"heading-3\">Qui traite vos donn\u00e9es personnelles ?<\/b><\/span><\/p>\n<ul>\n<li data-stringify-indent=\"0\" data-stringify-border=\"0\">Editeur du site : Val\u00e9rie Deltour<\/li>\n<li data-stringify-indent=\"0\" data-stringify-border=\"0\">Entreprise : LE DOMAINE DU BOIS AUX ELFES ASBL<\/li>\n<li data-stringify-indent=\"0\" data-stringify-border=\"0\">Mail \u00e9diteur :\u00a0<a class=\"c-link\" tabindex=\"-1\" href=\"mailto:info@duboisauxelfes.be\" target=\"_blank\" rel=\"noopener noreferrer\" data-stringify-link=\"mailto:info@duboisauxelfes.be\" data-sk=\"tooltip_parent\" aria-haspopup=\"menu\" aria-expanded=\"false\" data-remove-tab-index=\"true\">info@duboisauxelfes.be<\/a><\/li>\n<li data-stringify-indent=\"0\" data-stringify-border=\"0\">N\u00b0 entreprise : 0784.905.687<\/li>\n<\/ul>\n<p><span style=\"font-weight: 400;\">Si vous souhaitez modifier ou supprimer vos donn\u00e9es, ou simplement savoir quelles donn\u00e9es sont stock\u00e9es dans notre base de donn\u00e9es, vous pouvez envoyer un email \u00e0 l\u2019adresse mail de l\u2019\u00e9diteur.<\/span><\/p>\n<p>&nbsp;<\/p>\n<p><span style=\"color: #3a5d21;\"><b class=\"heading-3\">G\u00e9n\u00e9ralit\u00e9s<\/b><\/span><\/p>\n<p><span style=\"font-weight: 400;\">Les dispositions du pr\u00e9sent disclaimer sont d&rsquo;application lors de chaque consultation du site web de l&rsquo;\u00e9diteur. Les dispositions du pr\u00e9sent disclaimer sont applicables \u00e0 tous les produits, services, documents, mod\u00e8les et informations qui sont disponibles sur le site web de l&rsquo;\u00e9diteur. En consultant le site web de l&rsquo;\u00e9diteur, le visiteur marque son accord explicite et inconditionnel sur toutes les dispositions de ce disclaimer. Le visiteur accepte explicitement et sans r\u00e9serves nos conditions de vente. Les dispositions du pr\u00e9sent disclaimer sont \u00e0 tout moment susceptibles d&rsquo;\u00eatre modifi\u00e9es par l&rsquo;\u00e9diteur. Le cas \u00e9ch\u00e9ant, les visiteurs seront avertis via ce site web.<\/span><\/p>\n<p><span style=\"font-weight: 400;\">En d\u00e9pit du fait que l&rsquo;\u00e9diteur apporte le plus grand soin au bon fonctionnement de son site web, il ne peut pas garantir que son site web est totalement \u00e0 l&rsquo;abri d&rsquo;une interruption ni totalement d\u00e9nu\u00e9 d&rsquo;erreurs Le site web de l&rsquo;\u00e9diteur constitue un moyen de mettre \u00e0 la disposition de ses membres affili\u00e9s et non-affili\u00e9s des informations sous une forme compr\u00e9hensible.<\/span><\/p>\n<p>&nbsp;<\/p>\n<p><span style=\"color: #3a5d21;\"><b class=\"heading-3\">Droits d&rsquo;auteur<\/b><\/span><\/p>\n<p><span style=\"font-weight: 400;\">L&rsquo;ensemble des documents, des mod\u00e8les, des logos, des photos et des produits disponibles sur le pr\u00e9sent site web sont prot\u00e9g\u00e9s par le droit d&rsquo;auteur. L&rsquo;\u00e9diteur conserve l&rsquo;ensemble des droits de propri\u00e9t\u00e9 intellectuelle sur le site m\u00eame ainsi que sur les informations et les mod\u00e8les mis \u00e0 disposition. Le visiteur de ce site web \u00e0 l&rsquo;autorisation d&rsquo;imprimer les informations consult\u00e9es et de les utiliser dans le cadre de la gestion personnelle, \u00e0 l&rsquo;exclusion de toute diffusion, commercialisation et exploitation entre tiers, \u00e0 moins d&rsquo;avoir obtenu pr\u00e9alablement l&rsquo;autorisation expresse de l&rsquo;\u00e9diteur.<\/span><\/p>\n<p>&nbsp;<\/p>\n<p><span style=\"color: #3a5d21;\"><b class=\"heading-3\">Responsabilit\u00e9<\/b><\/span><\/p>\n<p><span style=\"font-weight: 400;\">L&rsquo;utilisation de ce site web (et l&rsquo;information qui y est contenue) est exclusivement utilis\u00e9e aux risques de l\u2019utilisateur. On entend, entre autres, par utilisation de ce site web, le fait de t\u00e9l\u00e9charger, poser des questions, afficher, consulter, \u00e9couter (par exemple, les publicit\u00e9s), remplir et soumettre des formulaires, utiliser les services propos\u00e9s (par exemple, les demandes d&rsquo;information) et poser des actes (par exemple, la conclusion d\u2019un contrat).<\/span><\/p>\n<p><span style=\"font-weight: 400;\">L&rsquo;\u00e9diteur ne peut \u00eatre tenu pour responsable des dommages directs ou indirects ou r\u00e9sultant de l\u2019utilisation de son site web ou de l\u2019impossibilit\u00e9 de le consulter (en ce compris, mais sans limitation, en cas de renseignements incomplets ou incorrects, perte de temps, virus, dommages personnels, perte d\u2019une chance, perte de donn\u00e9es, perte de profit, dommages en raison de la suppression du site web, etc.). Cependant, aucune disposition n&rsquo;exclut notre responsabilit\u00e9 en cas de vol, faute lourde, fraude, pr\u00e9judice corporel ou d\u00e9c\u00e8s.<\/span><\/p>\n<p><span style=\"font-weight: 400;\">Nous nous effor\u00e7ons de s\u00e9curiser le site avec tous les moyens raisonnables et possibles afin d\u2019\u00e9viter, autant que possible, les d\u00e9sagr\u00e9ments caus\u00e9s par des erreurs techniques. Cependant, nous ne pouvons pas garantir un acc\u00e8s ininterrompu. L&rsquo;\u00e9diteur se r\u00e9serve en outre le droit de mettre fin, sans pr\u00e9avis, \u00e0 son site web.<\/span><\/p>\n<p><b>\u00a0<\/b><\/p>\n<p><span style=\"color: #3a5d21;\"><b class=\"heading-3\">Responsabilit\u00e9 par rapport \u00e0 des sites tiers<\/b><\/span><\/p>\n<p><span style=\"font-weight: 400;\">L&rsquo;\u00e9diteur n&rsquo;est pas responsable du contenu des autres sites web qui sont accessibles via un lien \u00e0 partir du site de l&rsquo;\u00e9diteur. Les positions et les avis expos\u00e9s sur ces sites web ne peuvent aucunement \u00eatre consid\u00e9r\u00e9s comme les positions et avis de l&rsquo;\u00e9diteur. L&rsquo;\u00e9diteur ne donne aucune garantie de qualit\u00e9 et d&rsquo;exhaustivit\u00e9 des informations pr\u00e9sentes sur les autres sites web qui sont accessibles via un lien \u00e0 partir du site web de l&rsquo;\u00e9diteur.<\/span><\/p>\n<p>&nbsp;<\/p>\n<p><span style=\"color: #3a5d21;\"><b class=\"heading-3\">L\u00e9gislation applicable<\/b><\/span><\/p>\n<p><span style=\"font-weight: 400;\">Les dispositions du pr\u00e9sent disclaimer sont enti\u00e8rement r\u00e9gies par le droit belge. Seuls les tribunaux de l&rsquo;arrondissement judiciaire de Li\u00e8ge, seront comp\u00e9tents en cas de litige. S&rsquo;il s&rsquo;av\u00e9rait qu&rsquo;une des conditions g\u00e9n\u00e9rales de vente \u00e9tait illicite, nulle ou non contraignante, les autres conditions resteraient, quant \u00e0 elles, enti\u00e8rement valides et contraignantes.<\/span><\/p>\n<p><span style=\"font-weight: 400;\">Tous les droits qui ne sont pas octroy\u00e9s explicitement par le pr\u00e9sent document, sont r\u00e9serv\u00e9s.<\/span><\/p><\/div>\n    <\/div>\n    <\/section>\n\n","protected":false},"excerpt":{"rendered":"","protected":false},"author":2,"featured_media":0,"parent":0,"menu_order":9,"comment_status":"closed","ping_status":"closed","template":"","meta":[],"yoast_head":"<!-- This site is optimized with the Yoast SEO plugin v20.6 - https:\/\/yoast.com\/wordpress\/plugins\/seo\/ -->\n<title>Disclaimer - \u00c9levage du Bois aux Elfes - chiens<\/title>\n<meta name=\"robots\" content=\"index, follow, max-snippet:-1, max-image-preview:large, max-video-preview:-1\" \/>\n<link rel=\"canonical\" href=\"https:\/\/duboisauxelfes.be\/chiens\/disclaimer\/\" \/>\n<meta property=\"og:locale\" content=\"fr_FR\" \/>\n<meta property=\"og:type\" content=\"article\" \/>\n<meta property=\"og:title\" content=\"Disclaimer - \u00c9levage du Bois aux Elfes - chiens\" \/>\n<meta property=\"og:url\" content=\"https:\/\/duboisauxelfes.be\/chiens\/disclaimer\/\" \/>\n<meta property=\"og:site_name\" content=\"\u00c9levage du Bois aux Elfes - chiens\" \/>\n<meta property=\"article:modified_time\" content=\"2023-01-24T09:10:42+00:00\" \/>\n<meta name=\"twitter:card\" content=\"summary_large_image\" \/>\n<script type=\"application\/ld+json\" class=\"yoast-schema-graph\">{\"@context\":\"https:\/\/schema.org\",\"@graph\":[{\"@type\":\"WebPage\",\"@id\":\"https:\/\/duboisauxelfes.be\/chiens\/disclaimer\/\",\"url\":\"https:\/\/duboisauxelfes.be\/chiens\/disclaimer\/\",\"name\":\"Disclaimer - \u00c9levage du Bois aux Elfes - chiens\",\"isPartOf\":{\"@id\":\"https:\/\/duboisauxelfes.be\/chiens\/#website\"},\"datePublished\":\"2022-12-13T10:55:06+00:00\",\"dateModified\":\"2023-01-24T09:10:42+00:00\",\"breadcrumb\":{\"@id\":\"https:\/\/duboisauxelfes.be\/chiens\/disclaimer\/#breadcrumb\"},\"inLanguage\":\"fr-FR\",\"potentialAction\":[{\"@type\":\"ReadAction\",\"target\":[\"https:\/\/duboisauxelfes.be\/chiens\/disclaimer\/\"]}]},{\"@type\":\"BreadcrumbList\",\"@id\":\"https:\/\/duboisauxelfes.be\/chiens\/disclaimer\/#breadcrumb\",\"itemListElement\":[{\"@type\":\"ListItem\",\"position\":1,\"name\":\"Home\",\"item\":\"https:\/\/duboisauxelfes.be\/chiens\/\"},{\"@type\":\"ListItem\",\"position\":2,\"name\":\"Disclaimer\"}]},{\"@type\":\"WebSite\",\"@id\":\"https:\/\/duboisauxelfes.be\/chiens\/#website\",\"url\":\"https:\/\/duboisauxelfes.be\/chiens\/\",\"name\":\"\u00c9levage du Bois aux Elfes - chiens\",\"description\":\"\",\"potentialAction\":[{\"@type\":\"SearchAction\",\"target\":{\"@type\":\"EntryPoint\",\"urlTemplate\":\"https:\/\/duboisauxelfes.be\/chiens\/?s={search_term_string}\"},\"query-input\":\"required name=search_term_string\"}],\"inLanguage\":\"fr-FR\"}]}<\/script>\n<!-- \/ Yoast SEO plugin. -->","yoast_head_json":{"title":"Disclaimer - \u00c9levage du Bois aux Elfes - chiens","robots":{"index":"index","follow":"follow","max-snippet":"max-snippet:-1","max-image-preview":"max-image-preview:large","max-video-preview":"max-video-preview:-1"},"canonical":"https:\/\/duboisauxelfes.be\/chiens\/disclaimer\/","og_locale":"fr_FR","og_type":"article","og_title":"Disclaimer - \u00c9levage du Bois aux Elfes - chiens","og_url":"https:\/\/duboisauxelfes.be\/chiens\/disclaimer\/","og_site_name":"\u00c9levage du Bois aux Elfes - chiens","article_modified_time":"2023-01-24T09:10:42+00:00","twitter_card":"summary_large_image","schema":{"@context":"https:\/\/schema.org","@graph":[{"@type":"WebPage","@id":"https:\/\/duboisauxelfes.be\/chiens\/disclaimer\/","url":"https:\/\/duboisauxelfes.be\/chiens\/disclaimer\/","name":"Disclaimer - \u00c9levage du Bois aux Elfes - chiens","isPartOf":{"@id":"https:\/\/duboisauxelfes.be\/chiens\/#website"},"datePublished":"2022-12-13T10:55:06+00:00","dateModified":"2023-01-24T09:10:42+00:00","breadcrumb":{"@id":"https:\/\/duboisauxelfes.be\/chiens\/disclaimer\/#breadcrumb"},"inLanguage":"fr-FR","potentialAction":[{"@type":"ReadAction","target":["https:\/\/duboisauxelfes.be\/chiens\/disclaimer\/"]}]},{"@type":"BreadcrumbList","@id":"https:\/\/duboisauxelfes.be\/chiens\/disclaimer\/#breadcrumb","itemListElement":[{"@type":"ListItem","position":1,"name":"Home","item":"https:\/\/duboisauxelfes.be\/chiens\/"},{"@type":"ListItem","position":2,"name":"Disclaimer"}]},{"@type":"WebSite","@id":"https:\/\/duboisauxelfes.be\/chiens\/#website","url":"https:\/\/duboisauxelfes.be\/chiens\/","name":"\u00c9levage du Bois aux Elfes - chiens","description":"","potentialAction":[{"@type":"SearchAction","target":{"@type":"EntryPoint","urlTemplate":"https:\/\/duboisauxelfes.be\/chiens\/?s={search_term_string}"},"query-input":"required name=search_term_string"}],"inLanguage":"fr-FR"}]}},"_links":{"self":[{"href":"https:\/\/duboisauxelfes.be\/chiens\/wp-json\/wp\/v2\/pages\/919"}],"collection":[{"href":"https:\/\/duboisauxelfes.be\/chiens\/wp-json\/wp\/v2\/pages"}],"about":[{"href":"https:\/\/duboisauxelfes.be\/chiens\/wp-json\/wp\/v2\/types\/page"}],"author":[{"embeddable":true,"href":"https:\/\/duboisauxelfes.be\/chiens\/wp-json\/wp\/v2\/users\/2"}],"replies":[{"embeddable":true,"href":"https:\/\/duboisauxelfes.be\/chiens\/wp-json\/wp\/v2\/comments?post=919"}],"version-history":[{"count":26,"href":"https:\/\/duboisauxelfes.be\/chiens\/wp-json\/wp\/v2\/pages\/919\/revisions"}],"predecessor-version":[{"id":2962,"href":"https:\/\/duboisauxelfes.be\/chiens\/wp-json\/wp\/v2\/pages\/919\/revisions\/2962"}],"wp:attachment":[{"href":"https:\/\/duboisauxelfes.be\/chiens\/wp-json\/wp\/v2\/media?parent=919"}],"curies":[{"name":"wp","href":"https:\/\/api.w.org\/{rel}","templated":true}]}}